 digit of 6525?
6
What is the ten thousands digit of 99305?
9
What is the thousands digit of 5443?
5
What is the units digit of 364?
4
What is the hundred thousands digit of 115765?
1
What is the tens digit of 16476?
7
What is the hundreds digit of 1004?
0
What is the tens digit of 152080?
8
What is the hundreds digit of 251?
2
What is the thousands digit of 4061?
4
What is the units digit of 3931?
1
What is the units digit of 969?
9
What is the units digit of 18592?
2
What is the units digit of 2071?
1
What is the ten thousands digit of 54889?
5
What is the tens digit of 43044?
4
What is the thousands digit of 4040?
4
What is the tens digit of 2989?
8
What is the units digit of 711?
1
What is the ten thousands digit of 68492?
6
What is the ten thousands digit of 91500?
9
What is the tens digit of 7518?
1
What is the hundreds digit of 16166?
1
What is the thousands digit of 21088?
1
What is the units digit of 930?
0
What is the ten thousands digit of 11411?
1
What is the ten thousands digit of 154336?
5
What is the units digit of 7167?
7
What is the thousands digit of 1227?
1
What is the units digit of 6534?
4
What is the units digit of 3137?
7
What is the hundreds digit of 288?
2
What is the hundreds digit of 916?
9
What is the hundreds digit of 832?
8
What is the units digit of 2148?
8
What is the units digit of 47295?
5
What is the tens digit of 70?
7
What is the tens digit of 152?
5
What is the tens digit of 3920?
2
What is the ten thousands digit of 10709?
1
What is the units digit of 63519?
9
What is the ten thousands digit of 135999?
3
What is the units digit of 3800?
0
What is the hundreds digit of 827?
8
What is the tens digit of 6892?
9
What is the tens digit of 149882?
8
What is the ten thousands digit of 28863?
2
What is the units digit of 89713?
3
What is the hundreds digit of 3887?
8
What is the ten thousands digit of 23791?
2
What is the units digit of 1445?
5
What is the thousands digit of 3943?
3
What is the hundreds digit of 22156?
1
What is the hundreds digit of 46342?
3
What is the units digit of 804?
4
What is the units digit of 4427?
7
What is the thousands digit of 4074?
4
What is the units digit of 104576?
6
What is the tens digit of 3871?
7
What is the tens digit of 27845?
4
What is the thousands digit of 1318?
1
What is the units digit of 2383?
3
What is the thousands digit of 1511?
1
What is the thousands digit of 66975?
6
What is the hundreds digit of 6610?
6
What is the hundreds digit of 2417?
4
What is the units digit of 2971?
1
What is the hundreds digit of 4152?
1
What is the thousands digit of 9277?
9
What is the ten thousands digit of 42740?
4
What is the units digit of 1090?
0
What is the ten thousands digit of 46427?
4
What is the thousands digit of 19962?
9
What is the tens digit of 9276?
7
What is the units digit of 41748?
8
What is the hundreds digit of 356?
3
What is the tens digit of 5931?
3
What is the ten thousands digit of 19766?
1
What is the thousands digit of 1460?
1
What is the ten thousands digit of 20795?
2
What is the tens digit of 51307?
0
What is the hundreds digit of 240?
2
What is the hundreds digit of 2690?
6
What is the hundreds digit of 1086?
0
What is the thousands digit of 1644?
1
What is the thousands digit of 2274?
2
What is the ten thousands digit of 78964?
7
What is the units digit of 59865?
5
What is the units digit of 3329?
9
What is the thousands digit of 2574?
2
What is the hundreds digit of 5029?
0
What is the thousands digit of 34520?
4
What is the ten thousands digit of 40126?
4
What is the tens digit of 18753?
5
What is the hundreds digit of 26654?
6
What is the units digit of 546?
6
What is the tens digit of 2737?
3
What is the tens digit of 2700?
0
What is the units digit of 234?
4
What is the hundreds digit of 1255?
2
What is the tens digit of 85963?
6
What is the hundreds digit of 24730?
7
What is the units digit of 945?
5
What is the tens digit of 9045?
4
What is the units digit of 128?
8
What is the tens digit of 1921?
2
What is the units digit of 4750?
0
What is the tens digit of 3364?
6
What is the tens digit of 6925?
2
What is the hundreds digit of 2306?
3
What is the thousands digit of 11465?
1
What is the tens digit of 59596?
9
What is the units digit of 70435?
5
What is the tens digit of 571?
7
What is the units digit of 84?
4
What is the units digit of 131?
1
What is the thousands digit of 47876?
7
What is the units digit of 8553?
3
What is the hundreds digit of 1199?
1
What is the tens digit of 7838?
3
What is the thousands digit of 81061?
1
What is the hundreds digit of 30594?
5
What is the tens digit of 55?
5
What is the thousands digit of 98257?
8
What is the tens digit of 32?
3
What is the hundreds digit of 171600?
6
What is the ten thousands digit of 11135?
1
What is the thousands digit of 1013?
1
What is the hundreds digit of 877?
8
What is the units digit of 2094?
4
What is the hundreds digit of 218?
2
What is the hundreds digit of 5760?
7
What is the tens digit of 7273?
7
What is the thousands digit of 63564?
3
What is the hundreds digit of 4753?
7
What is the tens digit of 2167?
6
What is the units digit of 934?
4
What is the thousands digit of 20053?
0
What is the thousands digit of 1263?
1
What is the tens digit of 1323?
2
What is the units digit of 27215?
5
What is the tens digit of 1470?
7
What is the units digit of 2922?
2
What is the hundreds digit of 8443?
4
What is the hundreds digit of 95204?
2
What is the thousands digit of 102641?
2
What is the hundreds digit of 6187?
1
What is the thousands digit of 3270?
3
What is the tens digit of 889?
8
What is the tens digit of 40789?
8
What is the units digit of 21205?
5
What is the tens digit of 25714?
1
What is the hundreds digit of 649?
6
What is the hundreds digit of 452?
4
What is the units digit of 80?
0
What is the hundreds digit of 76886?
8
What is the units digit of 11709?
9
What is the units digit of 15750?
0
What is the hundreds digit of 5148?
1
What is the thousands digit of 1933?
1
What is the ten thousands digit of 19460?
1
What is the hundreds digit of 7268?
2
What is the units digit of 2172?
2
What is the thousands digit of 7581?
7
What is the tens digit of 55?
5
What is the tens digit of 2270?
7
What is the tens digit of 4951?
5
What is the hundreds digit of 2378?
3
What is the tens digit of 159146?
4
What is the tens digit of 3842?
4
What is the tens digit of 541?
4
What is the thousands digit of 10436?
0
What is the units digit of 12096?
6
What is the thousands digit of 6200?
6
What is the ten thousands digit of 13382?
1
What is the units digit of 11427?
7
What is the hundreds digit of 796?
7
What is the thousands digit of 31280?
1
What is the hundreds digit of 1851?
8
What is the units digit of 1694?
4
What is the units digit of 6786?
6
What is the thousands digit of 1267?
1
What is the units digit of 22543?
3
What is the thousands digit of 38904?
8
What is the hundreds digit of 8918?
9
What is the hundreds digit of 3124?
1
What is the hundreds digit of 8415?
4
What is the ten thousands digit of 62287?
6
What is the units digit of 135705?
5
What is the tens digit of 902?
0
What is the ten thousands digit of 110762?
1
What is the ten thousands digit of 61774?
6
What is the thousands digit of 3083?
3
What is the hundreds digit of 741?
7
What is the tens digit of 17465?
6
What is the units digit of 106?
6
What is the tens digit of 4776?
7
What is the thousands digit of 2043?
2
What is the thousands digit of 2243?
2
What is the tens digit of 3645?
4
What is the thousands digit of 1648?
1
What is the hundreds digit of 30940?
9
What is the units digit of 12470?
0
What is the ten thousands digit of 88501?
8
What is the units digit of 10328?
8
What is the hundreds digit of 4262?
2
What is the tens digit of 59560?
6
What is the thousands digit of 153306?
3
What is the units digit of 11102?
2
What is the thousands digit of 17262?
7
What is the hundreds digit of 2073?
0
What is the thousands digit of 1141?
1
What is the tens digit of 23395?
9
What is the tens digit of 1148?
4
What is the units digit of 44257?
7
What is the ten thousands digit of 23085?
2
What is the tens digit of 534?
3
What is the hundreds digit of 2042?
0
What is the tens digit of 69294?
9
What is the hundreds digit o